 is the highest common divisor of h and c?
9
Suppose 0 = r - w + 1 - 10, 5*r = 4*w + 42. Let v = 7 + -4. Suppose -4*k - c = -216, -2*k = -2*c + v*c - 108. Calculate the greatest common divisor of r and k.
6
Suppose -16 = -2*o + 8. Suppose 0 = -2*a + o - 2. Suppose 4*d + 3*l = 394, -9 = -a*d - 3*l + 485. What is the greatest common factor of d and 20?
20
Let p be ((-3)/2)/((-12)/(-16)). Let d(j) = 5*j**2 + j + 2. Let s be d(p). Let w = s + -8. What is the highest common factor of w and 6?
6
Suppose -60 = 7*r - 151. What is the greatest common divisor of r and 13?
13
Suppose -2*n - 3*n = -10. What is the highest common divisor of 1 and n?
1
Let v = -7 - -11. What is the greatest common factor of 8 and v?
4
Let i = 11 - 0. Suppose 5*v + 35 = 5*y - 5, -3*v = -2*y + i. Calculate the highest common divisor of 104 and y.
13
Let m = 9 - 0. Let f = m - 7. Suppose -f*g = -5*g + 81. Calculate the highest common divisor of g and 9.
9
Suppose -4*i - 4*c = -28, -2*i = -4*c + 11 - 1. Suppose 116 = 3*t - w, -i*t - 2*w - 20 = -148. What is the highest common factor of t and 8?
8
Let n(v) = v**3 + 7*v**2 - 9*v + 2. Let i be n(-8). Let t = i - 2. Calculate the greatest common divisor of t and 4.
4
Suppose -j + 16 = -39. Suppose -5*d + j = -75. What is the highest common factor of d and 182?
26
Let p be (-140)/4*22/(-5). Calculate the greatest common factor of p and 14.
14
Let y(x) be the second derivative of x**4/12 - x**3/6 - x**2 + 3*x. Let q be y(6). Let i be 22/5 + 4/(-10). Calculate the highest common divisor of i and q.
4
Let i(h) = h**3 + 8*h**2 + 5. Let s be i(-8). Suppose f = 2*u - s, u + 35 = 6*u + 2*f. Let v = 0 + 5. Calculate the highest common factor of v and u.
5
Let n(m) = -m**2 - 9*m - 5. Let b(u) = -3*u - 2. Let w be b(2). Let c be n(w). Suppose -5 - 67 = -c*f. Calculate the highest common factor of f and 8.
8
Let q(b) = -b**3 + 8*b**2 - 5*b + 7. Let n be q(7). Suppose -2*x + 2*y + 3*y + n = 0, 4*y = -12. What is the greatest common divisor of x and 3?
3
Let q be (-2)/(39/(-33) - -1). Let i(z) = -z**2 + 14*z + 15. Let f be i(q). What is the greatest common divisor of f and 12?
12
Let x = -34 + -33. Let l = -18 - x. What is the greatest common divisor of l and 7?
7
Let j(z) = -5*z + 2. Suppose 0*v - 5*v - 15 = 0. Let c be j(v). Calculate the greatest common factor of 119 and c.
17
Suppose 0*p + 3*p = -6, -71 = -5*b + 3*p. Calculate the greatest common factor of 26 and b.
13
Let w(u) = 6*u**2. Let b be w(1). Let m be 12/(-8)*(-8)/b. What is the highest common factor of 22 and m?
2
Let h = 18 - 13. Suppose 2*g - 1 = h. Suppose 5*b - 2*s = g*s + 360, -4*s = -b + 72. Calculate the greatest common divisor of b and 9.
9
Let c(i) = i - 6. Let k be c(7). Let q be ((-16)/2)/(k/(-5)). Calculate the highest common factor of q and 5.
5
Let n(w) = -97*w - 1. Let z be n(-1). Suppose 2*c - z = -2*c. What is the highest common divisor of 3 and c?
3
Let n = 32 + -20. Calculate the greatest common divisor of 8 and n.
4
Let r(m) = m**2 + m - 2. Let i = -8 + 5. Let t be r(i). What is the greatest common factor of 8 and t?
4
Let f be -3*(75/(-9) + 2). Calculate the highest common divisor of 171 and f.
19
Let o(p) = -p**3 - 3*p**2 - 9*p - 2. Let h be o(-6). Calculate the highest common factor of 10 and h.
10
Suppose -53*x + 55*x = 128. Calculate the greatest common divisor of x and 48.
16
Let g = -51 + 69. Suppose -2*v - u = -145, 0*u = v - 3*u - 69. What is the greatest common factor of v and g?
18
Let n(k) = -k**2 - 11*k - 2. Let m be n(-10). Let p = m + 7. What is the greatest common divisor of p and 5?
5
Suppose -4*j + 7 = -1. Suppose 2*u + k = -0*k + 13, -3*k = j*u - 23. Let n be ((-2)/u)/(1/(-24)). Calculate the highest common factor of n and 8.
4
Suppose 0 = -4*q - 3*t + 65, -5 = -q - t - 2*t. What is the greatest common divisor of 5 and q?
5
Suppose -5*x - s + 300 = 0, x - 60 = -0*x - 4*s. Calculate the highest common divisor of x and 45.
15
Let k be (-2 - -3)/((-3)/(-69)). Let g = k + 10. What is the greatest common factor of g and 22?
11
Let j be (-9)/(-2) - (-6)/12. Suppose a = -j + 13. Let s be ((-64)/(-6))/(2/6). Calculate the greatest common factor of s and a.
8
Suppose 84 = 5*u - 3*u. Let f(a) = 6*a**3 + a**2 - a. Let l be f(1). What is the greatest common divisor of u and l?
6
Let w be (-2)/9 + 336/54. What is the greatest common divisor of 54 and w?
6
Let u be (-52)/(0 - 2/8). Suppose 3*h = -8*o + 3*o + 136, -5*h + o = -u. Let c = h - 22. What is the highest common divisor of 50 and c?
10
Suppose -2*k + 6*s - 2*s + 246 = 0, -452 = -4*k - 2*s. Let z = -40 + k. What is the greatest common divisor of 15 and z?
15
Let c be 9 - (2 - (-9 - -3)/(-2)). Calculate the highest common divisor of 25 and c.
5
Suppose 4*f = 2*b + 98, 5*b - 6*b - 43 = -4*f. Let j(o) = -105*o + 1. Let l be j(-1). Let q = l + b. What is the greatest common factor of q and 17?
17
Let v be (-31)/(1 - (1 - -1)). What is the highest common factor of v and 279?
31
Let x(i) = 2*i**2 + 3*i + 5. Let l be x(-4). Calculate the greatest common factor of l and 225.
25
Let y = -7 - -11. Suppose 2*b - 93 = -3*a, -2*b - 98 = -y*b + 2*a. Calculate the highest common divisor of b and 32.
16
Suppose 3*g + 4*y = -55, 0 = -2*g + 4*g + 5*y + 32. Let z be ((-2)/(-6))/((-1)/g). Calculate the highest common divisor of 42 and z.
7
Suppose 7*p = 2*p. Suppose -2*g + 4*z = -100, p = 2*g + 2*z + 4 - 80. Let n be 2/(-5) + g/5. Calculate the highest common factor of n and 1.
1
Let g = 84 - 36. Suppose -5*j - 215 = -5*k, k - j - 119 = -2*k. Let y = 70 - k. What is the greatest common factor of g and y?
16
Suppose -29 - 13 = -3*p. What is the highest common factor of p and 42?
14
Let r = 28 - -42. Suppose 3*t = r + 2. What is the greatest common divisor of 6 and t?
6
Let p be (-4)/(-6) - (-430)/30. Calculate the highest common factor of p and 165.
15
Let g(o) = -o**2 - 7*o - 4. Let s be g(-6). Suppose -31 = -5*v + c + 24, -3*v - s*c + 20 = 0. Calculate the highest common divisor of 40 and v.
10
Let r be 2*1 + -5 + 7. Let p = 3 - -1. What is the highest common factor of r and p?
4
Suppose k + 8*k = 180. Suppose i - 51 = -2*i. Suppose -4*m + i = c, -17 + 6 = -m + 2*c. Calculate the greatest common divisor of k and m.
5
Suppose 2*s = 2*b - 8, -3*b - 3*s + 36 = 2*b. What is the highest common factor of b and 42?
6
Suppose 4*f = -f + 120. Let q be f/9*3 - -1. What is the highest common factor of 1 and q?
1
Let u(p) = 11*p**2 - 4*p + 1. Let m be u(3). Let j be 0 + -1 + 5/1. Suppose j*y - 42 = 2. Calculate the greatest common factor of y and m.
11
Suppose -4*f + f + 48 = 0. Suppose 0*x + 3*x - 528 = 0. What is the greatest common divisor of x and f?
16
Let c be 110/8 - (-1)/4. Calculate the greatest common divisor of 56 and c.
14
Let n(i) = 7*i + 1. Let m be n(2). Suppose 8 + 2 = -a + 4*u, 0 = 2*a - 3*u - 5. What is the highest common factor of a and m?
5
Let o(p) = -18*p - 6. Let t be o(-4). Suppose 0 = -2*q - 6 + 50. Calculate the greatest common divisor of t and q.
22
Suppose 37*a + 39 = 40*a. What is the greatest common divisor of a and 39?
13
Suppose -3*d - 5 = -4*h + 3, 3*h - 7 = 2*d. Let o be 28/h - (-12)/30. Let t be (28/o)/((-4)/(-18)). What is the highest common divisor of 3 and t?
3
Let b(a) = 48*a - 1. Let t(x) = 24*x. Let d(k) = -3*b(k) + 5*t(k). Let h be d(-3). Let y = h - 12. Calculate the highest common factor of 9 and y.
9
Let g(b) = 9*b - 2. Let i be g(-5). Let m = i + 223. Let t = 57 - 41. Calculate the greatest common divisor of t and m.
16
Suppose 15 = -5*v, 3*v = -p - p - 9. Suppose p = 4*m + 8, -2*m = -n - n - 8. Let c be 4/12 + (-544)/n. Calculate the greatest common factor of 13 and c.
13
Let j be 8/6 + (-69)/(-9). What is the highest common divisor of 99 and j?
9
Let z(b) = b**3 - 2*b**2 - 3*b - 2. Let h be z(4). Calculate the highest common factor of h and 9.
9
Let d be -2 + 3 + 0/4. Let i(u) = 32*u**3 + 2*u**2 - 2*u + 1. Let b be i(d). What is the highest common divisor of 3 and b?
3
Suppose -10 = u - 4*o, 5*o = -2*u + 4*u + 5. Suppose 0 = x - 38 + u. Calculate the highest common divisor of x and 7.
7
Let z(i) = 85*i - 2. Let l be z(2). Suppose 0 = 5*m + 3*h + 2*h - 135, -57 = -2*m - 3*h. What is the greatest common divisor of l and m?
24
Let q(b) = 35*b - 7. Let l be q(-6). Let k = -126 - l.